ts digit of 5916861989?
9
What is the hundred millions digit of 4421177415?
4
What is the ten thousands digit of 6216419637?
1
What is the ten millions digit of 174560488?
7
What is the hundreds digit of 107188259?
2
What is the hundred millions digit of 114446412?
1
What is the ten millions digit of 32492350?
3
What is the billions digit of 5727694225?
5
What is the billions digit of 3717270727?
3
What is the thousands digit of 286095616?
5
What is the ten millions digit of 150459461?
5
What is the millions digit of 2875023714?
5
What is the millions digit of 47209240?
7
What is the hundreds digit of 1145578068?
0
What is the tens digit of 43844421?
2
What is the units digit of 136130382?
2
What is the hundred millions digit of 263902116?
2
What is the ten millions digit of 863817973?
6
What is the units digit of 255400765?
5
What is the units digit of 918443339?
9
What is the units digit of 32843142?
2
What is the millions digit of 814772296?
4
What is the hundred thousands digit of 160774832?
7
What is the ten millions digit of 39112703?
3
What is the ten thousands digit of 850086378?
8
What is the hundreds digit of 671207469?
4
What is the tens digit of 46230366?
6
What is the hundred thousands digit of 180876186?
8
What is the units digit of 1037714645?
5
What is the tens digit of 1260095346?
4
What is the ten millions digit of 250395007?
5
What is the hundreds digit of 63840418?
4
What is the thousands digit of 326411288?
1
What is the tens digit of 148527501?
0
What is the ten thousands digit of 73161426?
6
What is the hundreds digit of 346817359?
3
What is the tens digit of 2815810436?
3
What is the tens digit of 176529631?
3
What is the millions digit of 8779275?
8
What is the millions digit of 54902819?
4
What is the hundred thousands digit of 2430857931?
8
What is the millions digit of 97613386?
7
What is the ten thousands digit of 139498421?
9
What is the units digit of 2965254873?
3
What is the ten millions digit of 510156719?
1
What is the thousands digit of 23785214?
5
What is the units digit of 310779695?
5
What is the hundreds digit of 3607911907?
9
What is the tens digit of 1211448?
4
What is the hundred thousands digit of 452420305?
4
What is the ten thousands digit of 46719170?
1
What is the millions digit of 47635299?
7
What is the hundred thousands digit of 74795084?
7
What is the hundred millions digit of 588686435?
5
What is the ten thousands digit of 32896390?
9
What is the units digit of 447890608?
8
What is the ten thousands digit of 618661970?
6
What is the hundred thousands digit of 360025584?
0
What is the hundred thousands digit of 565853324?
8
What is the ten thousands digit of 28078406?
7
What is the billions digit of 3530792227?
3
What is the hundred thousands digit of 5246078717?
0
What is the tens digit of 148645090?
9
What is the thousands digit of 2395372269?
2
What is the units digit of 483490023?
3
What is the tens digit of 471132890?
9
What is the hundred thousands digit of 858294207?
2
What is the hundred thousands digit of 9204648?
2
What is the ten millions digit of 161572879?
6
What is the hundred thousands digit of 231720872?
7
What is the thousands digit of 357542954?
2
What is the units digit of 140820751?
1
What is the hundreds digit of 3606321436?
4
What is the hundred thousands digit of 2672057984?
0
What is the ten thousands digit of 15118564?
1
What is the hundred thousands digit of 4299475965?
4
What is the tens digit of 1044722460?
6
What is the hundred millions digit of 528429380?
5
What is the ten millions digit of 102082461?
0
What is the units digit of 1657263266?
6
What is the millions digit of 311412693?
1
What is the hundreds digit of 843487266?
2
What is the hundred thousands digit of 124971545?
9
What is the thousands digit of 239518732?
8
What is the ten millions digit of 274652904?
7
What is the millions digit of 9481926?
9
What is the thousands digit of 365236233?
6
What is the tens digit of 1286336450?
5
What is the units digit of 100972061?
1
What is the tens digit of 517236623?
2
What is the hundreds digit of 42995088?
0
What is the hundred millions digit of 154551080?
1
What is the tens digit of 1274245876?
7
What is the hundred thousands digit of 292215171?
2
What is the units digit of 2538357644?
4
What is the ten thousands digit of 1145600739?
0
What is the hundred thousands digit of 1198384515?
3
What is the ten millions digit of 382482826?
8
What is the ten millions digit of 938237637?
3
What is the ten millions digit of 90912502?
9
What is the tens digit of 43881607?
0
What is the hundreds digit of 4108894971?
9
What is the units digit of 556172585?
5
What is the millions digit of 189822354?
9
What is the billions digit of 1238172540?
1
What is the ten thousands digit of 492261783?
6
What is the hundred thousands digit of 62371265?
3
What is the hundreds digit of 58606129?
1
What is the ten millions digit of 146679802?
4
What is the hundred thousands digit of 130870201?
8
What is the ten millions digit of 1169876209?
6
What is the tens digit of 800348953?
5
What is the thousands digit of 2277210388?
0
What is the ten millions digit of 859105457?
5
What is the hundred thousands digit of 952135677?
1
What is the units digit of 28254027?
7
What is the ten millions digit of 205205796?
0
What is the units digit of 4217921827?
7
What is the billions digit of 5363414639?
5
What is the thousands digit of 95292400?
2
What is the hundreds digit of 462026691?
6
What is the tens digit of 523821034?
3
What is the ten millions digit of 33923770?
3
What is the hundreds digit of 6628227?
2
What is the thousands digit of 5096826646?
6
What is the units digit of 46931163?
3
What is the billions digit of 3092163953?
3
What is the ten millions digit of 548698721?
4
What is the hundreds digit of 59846258?
2
What is the hundreds digit of 15804813?
8
What is the ten thousands digit of 1283176043?
7
What is the ten thousands digit of 2168540797?
4
What is the hundred thousands digit of 146095891?
0
What is the hundred thousands digit of 1962208802?
2
What is the millions digit of 166460627?
6
What is the hundreds digit of 90390699?
6
What is the tens digit of 5928076414?
1
What is the thousands digit of 817809075?
9
What is the ten thousands digit of 4471384577?
8
What is the millions digit of 15582986?
5
What is the millions digit of 254084585?
4
What is the units digit of 358364403?
3
What is the hundred thousands digit of 41618185?
6
What is the ten thousands digit of 996303489?
0
What is the billions digit of 1751742030?
1
What is the millions digit of 50369911?
0
What is the ten millions digit of 879047479?
7
What is the millions digit of 2961888374?
1
What is the ten thousands digit of 106199240?
9
What is the millions digit of 4488266625?
8
What is the tens digit of 515661992?
9
What is the hundreds digit of 123827974?
9
What is the ten millions digit of 2693172647?
9
What is the hundred thousands digit of 655570405?
5
What is the hundreds digit of 22841382?
3
What is the tens digit of 833676374?
7
What is the ten thousands digit of 321061221?
6
What is the units digit of 34290354?
4
What is the units digit of 10749074?
4
What is the thousands digit of 37947464?
7
What is the tens digit of 3589260558?
5
What is the ten thousands digit of 577207588?
0
What is the ten millions digit of 80042873?
8
What is the ten thousands digit of 4382446779?
4
What is the millions digit of 192471175?
2
What is the hundred thousands digit of 3458741?
4
What is the hundred thousands digit of 5831445?
8
What is the millions digit of 62330741?
2
What is the hundred millions digit of 125426243?
1
What is the hundred millions digit of 3027703411?
0
What is the units digit of 8147483?
3
What is the thousands digit of 259366011?
6
What is the units digit of 773008318?
8
What is the tens digit of 5320492245?
4
What is the hundred thousands digit of 255359328?
3
What is the hundred millions digit of 122647797?
1
What is the hundred millions digit of 597274752?
5
What is the ten thousands digit of 4974030601?
3
What is the hundreds digit of 85644484?
4
What is the ten millions digit of 127584631?
2
What is the units digit of 959199848?
8
What is the hundred millions digit of 2241241081?
2
What is the units 